 greatest common factor of 6787 and 33?
11
What is the highest common factor of 40 and 640?
40
Calculate the highest common factor of 262 and 4847.
131
What is the greatest common factor of 7 and 511?
7
Calculate the greatest common divisor of 689 and 351.
13
Calculate the highest common divisor of 244 and 5795.
61
Calculate the highest common factor of 2560 and 40.
40
Calculate the highest common divisor of 10 and 35.
5
Calculate the highest common factor of 28 and 6748.
28
Calculate the greatest common divisor of 7223 and 62.
31
Calculate the highest common factor of 86016 and 84.
84
Calculate the greatest common divisor of 24 and 102.
6
Calculate the greatest common factor of 63 and 18.
9
What is the highest common divisor of 111 and 555?
111
What is the greatest common factor of 2743 and 91?
13
Calculate the greatest common factor of 3078 and 798.
114
What is the greatest common divisor of 249 and 1079?
83
What is the highest common factor of 583 and 795?
53
What is the highest common factor of 6 and 418?
2
What is the highest common divisor of 24362 and 13?
13
What is the greatest common divisor of 9 and 243?
9
What is the highest common divisor of 837 and 27?
27
Calculate the greatest common factor of 5838 and 42.
42
What is the highest common factor of 10278 and 36?
18
Calculate the highest common divisor of 26 and 2054.
26
Calculate the greatest common divisor of 18 and 144.
18
What is the greatest common factor of 9 and 24?
3
What is the greatest common divisor of 1943 and 29?
29
What is the highest common factor of 180 and 590?
10
What is the greatest common factor of 3150 and 450?
450
What is the highest common divisor of 2893 and 55?
11
Calculate the greatest common divisor of 5 and 55.
5
What is the highest common divisor of 10 and 54?
2
What is the greatest common factor of 30 and 80?
10
Calculate the highest common factor of 832 and 26.
26
What is the greatest common factor of 36 and 1737?
9
What is the greatest common divisor of 15 and 135?
15
Calculate the highest common factor of 2723 and 14.
7
Calculate the greatest common factor of 5723 and 776.
97
Calculate the highest common factor of 102 and 1972.
34
What is the highest common factor of 240 and 750?
30
What is the highest common divisor of 40 and 45?
5
What is the highest common divisor of 64 and 1600?
64
What is the greatest common divisor of 62 and 3286?
62
Calculate the greatest common divisor of 9 and 6.
3
Calculate the greatest common factor of 3 and 1.
1
What is the highest common divisor of 79 and 3713?
79
Calculate the greatest common divisor of 1 and 61.
1
Calculate the greatest common divisor of 135 and 10215.
45
What is the highest common divisor of 234 and 13?
13
What is the greatest common factor of 1161 and 54?
27
Calculate the greatest common factor of 10 and 3500.
10
What is the highest common factor of 92 and 32?
4
Calculate the greatest common factor of 12 and 906.
6
What is the greatest common divisor of 18 and 954?
18
What is the greatest common factor of 33 and 1133?
11
Calculate the highest common divisor of 14937 and 26.
13
Calculate the greatest common divisor of 2233 and 77.
77
Calculate the greatest common divisor of 1312 and 82.
82
Calculate the greatest common divisor of 72 and 936.
72
What is the greatest common divisor of 8 and 300?
4
What is the highest common factor of 18 and 25722?
18
Calculate the greatest common divisor of 532 and 14.
14
Calculate the highest common divisor of 276 and 1242.
138
Calculate the greatest common divisor of 40 and 130.
10
What is the greatest common divisor of 30 and 16635?
15
Calculate the highest common factor of 2036 and 16.
4
What is the greatest common divisor of 6 and 2406?
6
Calculate the greatest common factor of 1275 and 170.
85
What is the greatest common factor of 11 and 2497?
11
What is the highest common factor of 19 and 3439?
19
Calculate the highest common divisor of 24092 and 152.
76
Calculate the greatest common factor of 104 and 10504.
104
Calculate the greatest common divisor of 75 and 15.
15
What is the highest common divisor of 441 and 105?
21
Calculate the highest common factor of 2449 and 31.
31
Calculate the greatest common factor of 29 and 203.
29
What is the greatest common factor of 14 and 34174?
14
Calculate the highest common factor of 2034 and 18.
18
Calculate the highest common divisor of 128 and 184.
8
Calculate the greatest common factor of 314 and 2.
2
What is the greatest common factor of 19340 and 80?
20
Calculate the greatest common factor of 4862 and 26.
26
What is the greatest common divisor of 20 and 4?
4
What is the highest common factor of 253 and 264?
11
What is the highest common factor of 4302 and 10994?
478
What is the greatest common divisor of 380 and 280?
20
What is the highest common divisor of 16 and 664?
8
Calculate the highest common divisor of 6986 and 21.
7
What is the greatest common factor of 262 and 2489?
131
Calculate the highest common divisor of 605 and 220.
55
What is the highest common divisor of 120 and 3468?
12
What is the highest common factor of 238 and 850?
34
Calculate the highest common divisor of 90 and 11385.
45
Calculate the highest common factor of 27 and 1431.
27
Calculate the highest common factor of 7068 and 24.
12
What is the highest common divisor of 60 and 510?
30
What is the highest common divisor of 336 and 560?
112
Calculate the highest common factor of 3 and 31.
1
Calculate the highest common factor of 32 and 352.
32
What is the greatest common divisor of 3 and 474?
3
Calculate the highest common divisor of 1518 and 12.
6
Calculate the greatest common factor of 12 and 29880.
12
What is the greatest common factor of 801 and 36?
9
Calculate the highest common factor of 429 and 4056.
39
Calculate the greatest common divisor of 30 and 1970.
10
What is the highest common divisor of 86 and 2?
2
Calculate the highest common factor of 7125 and 95.
95
Calculate the highest common factor of 54 and 1224.
18
What is the highest common factor of 4328 and 16?
8
Calculate the highest common divisor of 12 and 6573.
3
Calculate the greatest common factor of 66 and 1302.
6
What is the greatest common divisor of 24 and 48?
24
Calculate the greatest common divisor of 7 and 1792.
7
What is the highest common factor of 4076 and 4?
4
What is the highest common divisor of 232 and 493?
29
Calculate the highest common divisor of 14 and 217.
7
What is the highest common divisor of 23492 and 28?
28
What is the highest common divisor of 290 and 203?
29
What is the greatest common factor of 20 and 1550?
10
What is the highest common divisor of 429 and 65?
13
What is the greatest common factor of 19500 and 10?
10
What is the highest common divisor of 184 and 782?
46
Calculate the greatest common divisor of 65 and 20215.
65
Calculate the highest common factor of 12 and 10572.
12
What is the greatest common factor of 55 and 145?
5
What is the highest common factor of 28 and 1316?
28
What is the highest common divisor of 40 and 340?
20
What is the greatest common divisor of 8840 and 208?
104
Calculate the highest common factor of 1104 and 8.
8
What is the greatest common divisor of 4960 and 1440?
160
What is the highest common factor of 135 and 105?
15
What is the greatest common divisor of 305 and 183?
61
Calculate the greatest common divisor of 213 and 142.
71
Calculate the highest common factor of 136 and 204.
68
What is the highest common divisor of 270 and 2505?
15
What is the greatest common factor of 504 and 342?
18
What is the highest common divisor of 79 and 49849?
79
What is the greatest common factor of 26 and 10?
2
What is the highest common divisor of 2193 and 969?
51
Calculate the greatest common divisor of 78 and 572.
26
Calculate the highest common factor of 5572 and 224.
28
Calculate the greatest common divisor of 8 and 40.
8
Calculate the greatest common factor of 1173 and 51.
51
Calculate the highest common divisor of 522 and 18.
18
Calculate the highest common factor of 50 and 15.
5
What is the highest common divisor of 68 and 255?
17
What is the highest common divisor of 45 and 605?
5
What is the greatest common divisor of 9 and 22527?
9
What is the greatest common divisor of 260 and 1716?
52
Calculate the highest common divisor of 11